 o(s) = -239*s**3 - 6*s**2 + 6*s + 4. Is o(y) composite?
True
Is (22/(-8))/(29/(-581044)) a composite number?
True
Let z(j) = 193*j**3 + 3*j**2 - 12*j + 76. Let h be z(6). Let t = 2557 + h. Is t a composite number?
False
Let z(s) = -2*s - 29. Let h be z(-5). Let u(p) = -105*p + 55. Let c be u(h). Suppose -641 = w - c. Is w a composite number?
False
Suppose 4*w = -203*g + 199*g + 125904, -4*w = -5*g - 125967. Is w composite?
True
Let t = 97581 + -42314. Suppose 35*w - 30028 = t. Is w prime?
True
Let v be (-36)/6 - (2 + 3161). Let j = 9574 - v. Is j composite?
False
Let m(j) = 7*j**3 + 14*j**2 - 5*j + 1. Let x(v) = -v**3 - v**2 + v - 1. Let l(t) = m(t) + 5*x(t). Let o be l(-4). Is -3*2/(-9)*15318/o composite?
True
Let x(f) = 30*f**2 - 20*f + 8. Suppose -5*m + 14*g - 10*g = 23, -g = -m - 4. Is x(m) a composite number?
True
Suppose 10*r - 212566 = -27*r - 9*r. Is r composite?
False
Suppose 626244 = 23*z - 1624421. Is z a prime number?
False
Let c(w) be the third derivative of 13/6*w**3 + 1/4*w**4 - 8*w**2 + 1/6*w**5 + 0*w + 0. Is c(-10) composite?
False
Let b(g) = 2*g**2 + g + 253. Suppose 4 + 0 = -4*o. Let d(a) = a + 1. Let p be d(o). Is b(p) prime?
False
Suppose -361*q + 384*q = 979087. Is q composite?
False
Let h(j) = -852*j - 28. Let y be h(5). Let s = y - -7997. Is s prime?
True
Let c be 182/(-70) - (-3)/5. Let l be 3/(108/(-856)) + c/9. Is (6/l)/(2/(-26872)) prime?
True
Is (-8 - -81630) + -24 + 13 a composite number?
False
Let q(u) = 90631*u**3 + 8*u - 8. Is q(1) prime?
True
Let m(l) = 8779*l**3 - 9*l**2 + 5*l - 3. Let n(b) = 4389*b**3 - 5*b**2 + 3*b - 2. Let r(v) = -3*m(v) + 5*n(v). Is r(-1) composite?
True
Let x(s) = -3*s - 36. Let c be x(-14). Suppose c = -2*k + 10. Suppose 4*d + 12*v - 13*v = 2961, 0 = d - k*v - 749. Is d composite?
False
Let v = 3508468 - 302471. Is v composite?
False
Let i be ((-98)/5)/((-67)/42210). Suppose i = l - 2023. Is l a prime number?
False
Let u = 51562 + -25103. Is u composite?
False
Let p be (-1)/5 + (-108617)/(-235). Let j = p - -73. Is j composite?
True
Let n be 5979/3*-1 - 3. Suppose 35*x + 18784 = -5*t + 32*x, -12 = 4*x. Let r = n - t. Is r a composite number?
False
Suppose 0 = -15*o + 88*o - 23*o - 772950. Is o composite?
True
Let h = 1878341 + -1097644. Is h composite?
False
Suppose -3*r = -5*h - 211248, -h - 6817 = -4*r + 274847. Suppose 0 = 2*j - k - 32286, 3*k + r = 4*j + 5844. Is j a composite number?
True
Suppose 0 = 5*t, -5*y + 126484 + 134841 = 5*t. Is y a composite number?
True
Suppose 0 = -2*x + 4*t + 2034, x + 5*t = 6*x - 5075. Let z be (-1997)/(-3) + (-2)/(-6). Let g = x - z. Is g composite?
False
Let b be 91/28 - ((-18)/(-8))/(-3). Suppose -3*m - 3*r + 5*r + 15 = 0, -b*m + 15 = -r. Suppose 0 = -3*f - g + 1926, -m*f = -g - 46 - 1874. Is f prime?
True
Is 9212 + (-3 - 12/1) composite?
True
Suppose 3*i - m - 34686 = 0, -4*i = -6*i - 3*m + 23135. Is i a composite number?
True
Let w(k) be the second derivative of -26*k**3 - 11*k**2/2 + 22*k. Is w(-5) a prime number?
True
Let j = -205134 - -350521. Is j a prime number?
False
Let f(g) = 7*g**3 - 9*g + 19. Suppose 16*x - 89 = 7. Is f(x) a composite number?
True
Let t = 407559 + 14858. Is t a composite number?
True
Let l = 1023 + -550. Suppose -l = 56*p - 57*p. Is p prime?
False
Let j = -39844 - -70647. Is j a composite number?
False
Let k be (36*(-4 - -3))/(-2). Is 8/k - 3130600/(-72) prime?
True
Suppose -1587 = 19*p - 24*p + 3*n, 0 = -4*p + 4*n + 1276. Let j = 622 - p. Is j composite?
False
Is 1 + 2 + (35 - -366431) a prime number?
False
Let u(p) = -p**2 + 11*p - 34. Let z be (8/7)/((-36)/21 + 2). Let g be u(z). Is (-2)/6*g*(-797)/(-2) prime?
True
Is (6/12)/(((-32)/931024)/(-2 - 26)) prime?
False
Is (1193 - 42) + (-60)/(-5) composite?
False
Let o(l) = -3*l**3 + 34*l**2 + 82*l + 367. Is o(-28) composite?
False
Let h(n) = n**2 + 4*n - 10. Let c be h(-6). Is (-8948)/16*((c - -1) + -7) a prime number?
True
Suppose 2*j + 24 = 3*z, j = 19*z - 20*z - 12. Let t(v) = 79*v**2 + 14*v - 7. Is t(j) composite?
True
Let c = 658 + -655. Suppose 2*y + 1435 = 4*h - 3935, -c*h - y + 4040 = 0. Is h a prime number?
False
Suppose 32*c = -46083 - 163261. Is c/(7 + -16 + 7) a prime number?
True
Let t(n) = -180*n - 20. Let l be t(6). Let q = 6321 + l. Is q a prime number?
False
Is -193*(-4)/6*1062 + 0 + 1 a prime number?
False
Let c = 393 + 361. Let k = c + 2329. Is k composite?
False
Let j = -62909 - -23029. Is -18 + 23 - j/2 composite?
True
Let z be ((-266)/(-21))/(4/(-522)). Let r = 9764 + z. Is r a prime number?
True
Let r be 2/4 - 6/12. Let c(f) = -f**3 - f**2 - f + 3517. Let z be c(r). Let h = z - 2190. Is h prime?
True
Let t = 115955 - 73501. Is t prime?
False
Let i(h) = 13*h**3 + 22*h**2 + 11*h - 34. Let g be i(11). Suppose -47*b - g = -59*b. Is b composite?
True
Let h(a) = -a - 15. Let y be h(-3). Is (3 - 2)/(y/(-44868)) prime?
True
Let t = -100 + 103. Suppose 0 = -3*h + 17*s - 18*s + 446, t*s = -3*h + 444. Is h composite?
False
Suppose 5*b - 2*h = 3*h + 20, b - 3*h = 8. Suppose 1649 = 5*i - 2*d, b*d + 0*d = 4*i - 1318. Is i prime?
True
Let n = -1020 - -2575. Suppose -6*u + 5*u - 4*k = -n, -4*u + 4*k = -6280. Is u a prime number?
True
Let h = 228014 + 315387. Is h prime?
False
Let n(k) be the third derivative of 27*k**6/20 - k**5/60 + k**4/8 - k**3/2 + 10*k**2. Is n(1) a composite number?
True
Suppose 0 = -m + 3*w - 2, 2*m = -2*w - 12 + 32. Suppose -m*u + 20942 - 453 = 0. Is u a composite number?
False
Let f(w) = -w**3 + 6*w**2 + 3*w - 3. Let y be f(7). Let b = y - -192. Let q = b + 146. Is q composite?
False
Let d(p) = -285*p**3 - p**2 + 80*p + 169. Is d(-2) composite?
True
Suppose -7*h - 212 = -93. Let n(l) = 37*l**2 - 10*l - 84. Is n(h) a prime number?
False
Let z(q) be the third derivative of -q**9/6720 + q**8/6720 - q**6/720 - q**5/2 - 32*q**2. Let d(n) be the third derivative of z(n). Is d(-4) composite?
True
Let l(b) = 398770*b**2 - 27*b - 12. Is l(-1) a composite number?
True
Let s(p) = 2*p**2 - 116*p - 38. Let c be s(-27). Let j = c - -7827. Is j composite?
False
Suppose 3*t - 822*q = -821*q + 3568, -5*t + 2*q = -5949. Is t prime?
True
Suppose -6*j + 3*j - 4*l = -356265, -5*l + 475022 = 4*j. Is j a prime number?
False
Let m(l) = 10265*l + 1122. Is m(13) composite?
True
Let t = 158 + -221. Is (t/(-12))/7 + (-26890)/(-40) prime?
True
Let j(t) = -2*t + 20. Let w be j(10). Suppose w = -5*p - 21 + 31. Suppose -2*i = p*g + 2*g - 584, 2*g = -5*i + 300. Is g a prime number?
False
Let r(w) = -12*w**3 - 12*w**2 + 10. Let y be r(-8). Is 3*(-5)/3 + y prime?
True
Let d(w) be the second derivative of -2*w**3/3 + 11*w**2/2 + 18*w. Let k be d(2). Suppose 2*p = -3*t + 5681, -7574 = -t - k*t - 3*p. Is t composite?
True
Suppose -3*m - 4*x - 13379 + 173376 = 0, 0 = -2*m + 4*x + 106638. Is m composite?
False
Suppose 2771641 = 5*h + 7*u - u, -h + 554325 = 2*u. Is h a prime number?
False
Let l(f) = 24*f**2 - 33*f + 63*f - 24*f - 25. Is l(8) a prime number?
True
Is -1115*(-716)/20 + 0 a composite number?
True
Suppose 7*s + 1372709 + 3896261 = 0. Is (s/4*4/5)/(-2) composite?
True
Suppose 5 = -5*g, -3*q + 14305 + 260893 = g. Is q composite?
False
Let f(m) = m**3 - 21*m**2 + 20*m - 137. Is f(28) prime?
False
Let o = 133 + -129. Is (3 - -9099) + o + 1 prime?
False
Let j be ((11 - -1) + 48/(-12))/2. Suppose 46*r - 42*r = -4*t + 46952, 2*t - 46946 = -j*r. Is r a prime number?
False
Suppose -282*m - 782225 = -285*m - 4*a, -2*m + 521470 = a. Is m composite?
True
Is (-6)/2 - ((-3476516)/(-295))/((-6)/15) composite?
True
Let q(d) = -d**3 + 12*d**2 + 32*d + 2. Let w(y) = -y**2 - y + 43. Let u be w(-8). Is q(u) prime?
False
Suppose -124515 + 395785 = 2*f + 8*f. Is f prime?
True
Let y(h) be the second derivative of 11*h**6/180 + 3*h**5/40 + 8*h**4/3 + 8*h. Let f(w) be the third derivative of y(w). Is f(4) prime?
False
Let u(m) = 243003*m**2 - 73*m - 93. Is u(-2) a prime number?
False
Let q(t) = 2750*t**3 - 8*t**2 + 61*t - 68. Is q(5) prime?
True
Let g be (-9)/(7 - -2) - -5. Suppose -41498 = -2*t + g*o, -4*t = -3*o - 60035 - 22946. Is t a composite number?
False
Suppose -6*r - 44*r = r - 9301737. Is r a prime number?
True
Suppose 5*x = -a + 940, -x = x + 5*a - 399. Suppose -5*l = -3*z + 942, 315 = 13*z - 12*z - 2*l. Suppose f - x = 4*u, u - 456 = -4*f + z. Is f prime?
True
Let y(k) = k**